mainder when 3707 is divided by 154.
11
What is the remainder when 9121 is divided by 440?
321
Calculate the remainder when 358575 is divided by 18.
15
What is the remainder when 9669 is divided by 12?
9
Calculate the remainder when 268770 is divided by 4335.
0
Calculate the remainder when 10069 is divided by 91.
59
Calculate the remainder when 251868 is divided by 364.
344
Calculate the remainder when 1147245 is divided by 496.
493
What is the remainder when 1598 is divided by 501?
95
What is the remainder when 314 is divided by 131?
52
Calculate the remainder when 8263 is divided by 2737.
52
What is the remainder when 1604820 is divided by 401205?
0
What is the remainder when 346 is divided by 68?
6
Calculate the remainder when 5952 is divided by 161.
156
Calculate the remainder when 51531 is divided by 16.
11
What is the remainder when 15895 is divided by 537?
322
What is the remainder when 11710 is divided by 1666?
48
Calculate the remainder when 94936 is divided by 23684.
200
Calculate the remainder when 4111 is divided by 11.
8
Calculate the remainder when 8728 is divided by 103.
76
Calculate the remainder when 219519 is divided by 73.
8
What is the remainder when 15494 is divided by 436?
234
Calculate the remainder when 10173 is divided by 46.
7
What is the remainder when 7323 is divided by 112?
43
What is the remainder when 13327 is divided by 3320?
47
What is the remainder when 293 is divided by 122?
49
What is the remainder when 12591 is divided by 12564?
27
What is the remainder when 11929 is divided by 3962?
43
What is the remainder when 40825 is divided by 75?
25
What is the remainder when 136953 is divided by 10533?
24
Calculate the remainder when 471143 is divided by 13.
10
Calculate the remainder when 6927 is divided by 19.
11
What is the remainder when 11838 is divided by 11719?
119
What is the remainder when 1248 is divided by 437?
374
Calculate the remainder when 801811 is divided by 87.
19
Calculate the remainder when 21885 is divided by 175.
10
Calculate the remainder when 13459 is divided by 384.
19
Calculate the remainder when 97206 is divided by 491.
479
Calculate the remainder when 11942 is divided by 69.
5
Calculate the remainder when 230 is divided by 145.
85
What is the remainder when 145705 is divided by 2111?
46
What is the remainder when 5415 is divided by 233?
56
What is the remainder when 3073 is divided by 1490?
93
Calculate the remainder when 116594 is divided by 40.
34
What is the remainder when 29368 is divided by 387?
343
What is the remainder when 9960 is divided by 94?
90
Calculate the remainder when 100703 is divided by 25175.
3
What is the remainder when 23316 is divided by 424?
420
Calculate the remainder when 26040 is divided by 651.
0
Calculate the remainder when 21291 is divided by 314.
253
Calculate the remainder when 31734 is divided by 135.
9
What is the remainder when 5363 is divided by 284?
251
Calculate the remainder when 131012 is divided by 5.
2
Calculate the remainder when 49029 is divided by 700.
29
What is the remainder when 116 is divided by 15?
11
What is the remainder when 566937 is divided by 22?
19
Calculate the remainder when 78622 is divided by 23.
8
What is the remainder when 25155 is divided by 123?
63
What is the remainder when 18967 is divided by 229?
189
What is the remainder when 107057 is divided by 26763?
5
What is the remainder when 1859 is divided by 1821?
38
What is the remainder when 35246 is divided by 7047?
11
What is the remainder when 580940 is divided by 182?
178
What is the remainder when 55798 is divided by 1164?
1090
What is the remainder when 158683 is divided by 114?
109
Calculate the remainder when 3281 is divided by 3275.
6
Calculate the remainder when 16368 is divided by 496.
0
What is the remainder when 2780 is divided by 553?
15
What is the remainder when 20389 is divided by 10188?
13
Calculate the remainder when 7890 is divided by 309.
165
Calculate the remainder when 14801 is divided by 7397.
7
Calculate the remainder when 1335975 is divided by 16096.
7
What is the remainder when 951 is divided by 637?
314
What is the remainder when 161027 is divided by 73?
62
What is the remainder when 20319 is divided by 521?
0
What is the remainder when 24035 is divided by 14?
11
What is the remainder when 765439 is divided by 2392?
2391
What is the remainder when 2868 is divided by 46?
16
What is the remainder when 4882 is divided by 444?
442
What is the remainder when 1433729 is divided by 454?
451
Calculate the remainder when 8307 is divided by 31.
30
Calculate the remainder when 25506 is divided by 1378.
702
What is the remainder when 20757 is divided by 12?
9
What is the remainder when 97205 is divided by 855?
590
What is the remainder when 6439 is divided by 1286?
9
What is the remainder when 30299 is divided by 30240?
59
What is the remainder when 20274 is divided by 3378?
6
What is the remainder when 30019 is divided by 720?
499
What is the remainder when 9289 is divided by 1184?
1001
Calculate the remainder when 4389 is divided by 4.
1
What is the remainder when 5172 is divided by 85?
72
What is the remainder when 49566 is divided by 137?
109
What is the remainder when 260178 is divided by 633?
15
Calculate the remainder when 21491 is divided by 250.
241
Calculate the remainder when 26084 is divided by 77.
58
What is the remainder when 1219 is divided by 63?
22
What is the remainder when 46637 is divided by 956?
749
Calculate the remainder when 7906 is divided by 11.
8
Calculate the remainder when 289 is divided by 133.
23
What is the remainder when 122703 is divided by 97?
95
Calculate the remainder when 10655 is divided by 56.
15
What is the remainder when 163331 is divided by 1719?
26
Calculate the remainder when 230745 is divided by 360.
345
Calculate the remainder when 15564 is divided by 5128.
180
What is the remainder when 23550 is divided by 193?
4
Calculate the remainder when 24430 is divided by 167.
48
What is the remainder when 22758 is divided by 19?
15
What is the remainder when 11056 is divided by 14?
10
What is the remainder when 69986 is divided by 151?
73
What is the remainder when 22956 is divided by 315?
276
Calculate the remainder when 14248 is divided by 712.
8
Calculate the remainder when 3778 is divided by 264.
82
What is the remainder when 1207 is divided by 73?
39
What is the remainder when 4318 is divided by 80?
78
Calculate the remainder when 10669 is divided by 1512.
85
Calculate the remainder when 5313 is divided by 442.
9
Calculate the remainder when 2616535 is divided by 141.
139
What is the remainder when 10808 is divided by 1341?
80
What is the remainder when 538 is divided by 474?
64
What is the remainder when 2234 is divided by 358?
86
Calculate the remainder when 359527 is divided by 237.
235
What is the remainder when 203277 is divided by 56?
53
What is the remainder when 1039 is divided by 249?
43
What is the remainder when 4358 is divided by 183?
149
Calculate the remainder when 556920 is divided by 37.
33
Calculate the remainder when 1149 is divided by 301.
246
Calculate the remainder when 129348 is divided by 650.
648
What is the remainder when 26709 is divided by 151?
133
What is the remainder when 91165 is divided by 91138?
27
Calculate the remainder when 1299 is divided by 1282.
17
Calculate the remainder when 145945 is divided by 31.
28
What is the remainder when 6818 is divided by 6714?
104
What is the remainder when 39917 is divided by 4435?
2
What is the remainder when 1276 is divided by 1249?
27
What is the remainder when 267674 is divided by 129?
128
What is the remainder when 7497473 is divided by 34?
31
Calculate the remainder when 80481 is divided by 491.
448
What is the remainder when 7724 is divided by 39?
2
What is the remainder when 243605 is divided by 101?
94
Calculate the remainder when 11484 is divided by 688.
476
What is the remainder when 23288 is divided by 7762?
2
Calculate the remainder when 5658 is divided by 176.
26
Calculate the remainder when 108717 is divided by 2.
1
Calculate the remainder when 41755 is divided by 93.
91
What is the remainder when 288968 is divided by 67?
64
Calculate the remainder when 928 is divided by 116.
0
Calculate the remainder when 45019 is divided by 37.
2